remainder when 18000 is divided by 164?
124
What is the remainder when 32250 is divided by 89?
32
What is the remainder when 2824 is divided by 18?
16
Calculate the remainder when 169155 is divided by 742.
721
Calculate the remainder when 2844 is divided by 26.
10
What is the remainder when 346 is divided by 163?
20
What is the remainder when 43362 is divided by 606?
336
What is the remainder when 38681 is divided by 699?
236
What is the remainder when 1822 is divided by 210?
142
Calculate the remainder when 89431 is divided by 2482.
79
What is the remainder when 418 is divided by 154?
110
Calculate the remainder when 22419 is divided by 5.
4
What is the remainder when 90608 is divided by 12?
8
Calculate the remainder when 15558 is divided by 7747.
64
What is the remainder when 55181 is divided by 6110?
191
What is the remainder when 275897 is divided by 262?
11
Calculate the remainder when 97916 is divided by 24477.
8
Calculate the remainder when 22088 is divided by 29.
19
Calculate the remainder when 86640 is divided by 106.
38
Calculate the remainder when 62908 is divided by 21.
13
What is the remainder when 10226 is divided by 634?
82
Calculate the remainder when 1271 is divided by 1224.
47
What is the remainder when 109848 is divided by 109819?
29
What is the remainder when 11189 is divided by 3723?
20
Calculate the remainder when 5893 is divided by 603.
466
Calculate the remainder when 9603 is divided by 208.
35
Calculate the remainder when 8542 is divided by 428.
410
Calculate the remainder when 2107 is divided by 88.
83
What is the remainder when 1886 is divided by 12?
2
What is the remainder when 4436 is divided by 60?
56
What is the remainder when 1276549 is divided by 5?
4
What is the remainder when 6018 is divided by 90?
78
Calculate the remainder when 1410 is divided by 178.
164
Calculate the remainder when 522 is divided by 109.
86
Calculate the remainder when 5132 is divided by 112.
92
Calculate the remainder when 755 is divided by 734.
21
What is the remainder when 857271 is divided by 186?
183
Calculate the remainder when 856 is divided by 848.
8
What is the remainder when 67474 is divided by 8434?
2
What is the remainder when 108307 is divided by 1570?
1547
Calculate the remainder when 2473 is divided by 20.
13
What is the remainder when 4104 is divided by 115?
79
Calculate the remainder when 13449 is divided by 231.
51
What is the remainder when 3497 is divided by 168?
137
Calculate the remainder when 219007 is divided by 116.
115
What is the remainder when 24497 is divided by 50?
47
Calculate the remainder when 3518311 is divided by 54.
49
What is the remainder when 8503 is divided by 131?
119
Calculate the remainder when 8047 is divided by 134.
7
Calculate the remainder when 21444 is divided by 192.
132
Calculate the remainder when 63158 is divided by 867.
734
Calculate the remainder when 12064 is divided by 19.
18
What is the remainder when 6561 is divided by 1037?
339
Calculate the remainder when 4783 is divided by 139.
57
Calculate the remainder when 1186 is divided by 845.
341
Calculate the remainder when 172120 is divided by 17209.
30
What is the remainder when 7556 is divided by 863?
652
What is the remainder when 213530 is divided by 71172?
14
What is the remainder when 48102 is divided by 3?
0
Calculate the remainder when 28932 is divided by 1694.
134
What is the remainder when 58274 is divided by 33?
29
What is the remainder when 18497 is divided by 542?
69
What is the remainder when 34698 is divided by 34693?
5
Calculate the remainder when 4090 is divided by 363.
97
Calculate the remainder when 16777 is divided by 77.
68
What is the remainder when 9653 is divided by 482?
13
Calculate the remainder when 6228 is divided by 1555.
8
Calculate the remainder when 3870 is divided by 768.
30
What is the remainder when 58782 is divided by 239?
227
What is the remainder when 440554 is divided by 5?
4
Calculate the remainder when 11530 is divided by 15.
10
What is the remainder when 484736 is divided by 96943?
21
Calculate the remainder when 7056 is divided by 7035.
21
What is the remainder when 39765 is divided by 3610?
55
Calculate the remainder when 543290 is divided by 27.
23
What is the remainder when 32273 is divided by 2303?
31
Calculate the remainder when 4518 is divided by 107.
24
Calculate the remainder when 14638 is divided by 53.
10
Calculate the remainder when 68802 is divided by 199.
147
Calculate the remainder when 12325 is divided by 283.
156
Calculate the remainder when 13639 is divided by 13633.
6
What is the remainder when 1905 is divided by 275?
255
Calculate the remainder when 6026 is divided by 1105.
501
Calculate the remainder when 2136 is divided by 46.
20
Calculate the remainder when 102897 is divided by 28.
25
Calculate the remainder when 778 is divided by 112.
106
What is the remainder when 126965 is divided by 514?
7
Calculate the remainder when 3499 is divided by 404.
267
Calculate the remainder when 7070 is divided by 640.
30
What is the remainder when 15180 is divided by 253?
0
Calculate the remainder when 149399 is divided by 996.
995
What is the remainder when 8535 is divided by 117?
111
What is the remainder when 38627 is divided by 6436?
11
Calculate the remainder when 2374 is divided by 405.
349
Calculate the remainder when 79060 is divided by 66.
58
What is the remainder when 114341 is divided by 19052?
29
Calculate the remainder when 11475 is divided by 140.
135
Calculate the remainder when 55340 is divided by 893.
867
What is the remainder when 1610083 is divided by 80504?
3
What is the remainder when 23680 is divided by 409?
367
What is the remainder when 15997 is divided by 803?
740
Calculate the remainder when 81340 is divided by 149.
135
What is the remainder when 9159 is divided by 4566?
27
What is the remainder when 1601 is divided by 1445?
156
What is the remainder when 2076 is divided by 2057?
19
What is the remainder when 3297 is divided by 1507?
283
What is the remainder when 169883 is divided by 33?
32
What is the remainder when 938 is divided by 776?
162
Calculate the remainder when 167843 is divided by 2664.
11
Calculate the remainder when 584 is divided by 554.
30
Calculate the remainder when 14265 is divided by 6892.
481
What is the remainder when 42520 is divided by 6987?
598
Calculate the remainder when 2073201 is divided by 21.
18
What is the remainder when 69224 is divided by 1282?
1278
What is the remainder when 16208 is divided by 3241?
3
What is the remainder when 8398 is divided by 8360?
38
What is the remainder when 10645 is divided by 44?
41
Calculate the remainder when 269497 is divided by 50.
47
What is the remainder when 190897 is divided by 190865?
32
Calculate the remainder when 10555 is divided by 663.
610
Calculate the remainder when 4083 is divided by 8.
3
Calculate the remainder when 51012 is divided by 25461.
90
Calculate the remainder when 846271 is divided by 625.
21
What is the remainder when 51003 is divided by 1562?
1019
What is the remainder when 147251 is divided by 4?
3
Calculate the remainder when 6634 is divided by 40.
34
Calculate the remainder when 6085 is divided by 26.
1
Calculate the remainder when 937 is divided by 920.
17
What is the remainder when 39281 is divided by 959?
921
What is the remainder when 12125 is divided by 82?
71
What is the remainder when 791 is divided by 185?
51
Calculate the remainder when 84884 is divided by 897.
566
Calculate the remainder when 39907 is divided by 4983.
43
What is the remainder when 10836 is divided by 356?
156
What is the remainder when 191068 is divided by 18?
16
What is the remainder when 1745 is divided by 462?
359
Calculate the remainder when 1026 is divided by 63.
18
What is the remainder when 231697 is divided by 121?
103
What is the remainder when 10595 is divided by 824?
707
Calculate the remainder when 1473 is divided by 392.
297
Calculate the remainder when 47081 is divided by 654.
647
Calculate the remainder when 45476 is divided by 3.
2
What is the remainder when 41733 is divided by 24?
21
Calculate the remainder when 25619 is divided by 2561.
9
What is the remainder when 445578 is divided by 51?
42
Calculate the remainder when 71625 is divided by 23692.
549
Calculate the remai